the greatest common factor of 15637017 and 1226?
613
What is the greatest common factor of 1827234 and 153?
9
What is the greatest common divisor of 7575496 and 2008?
8
Calculate the highest common factor of 2223 and 17499209.
247
Calculate the highest common divisor of 1240389 and 1059225.
1461
What is the highest common divisor of 48230 and 13981240?
910
What is the greatest common factor of 560 and 65110640?
560
Calculate the greatest common divisor of 7393133 and 33.
11
Calculate the greatest common factor of 255346 and 1547624.
598
Calculate the greatest common divisor of 1553617 and 203.
29
What is the highest common divisor of 108596664 and 4?
4
What is the highest common divisor of 496308 and 16344?
12
What is the greatest common factor of 3094 and 17862?
26
What is the greatest common factor of 1975 and 6913369?
79
Calculate the highest common divisor of 200128 and 7139.
59
What is the highest common divisor of 3999 and 1024209?
93
What is the highest common factor of 518 and 12480818?
14
What is the highest common divisor of 123 and 24510866?
41
Calculate the greatest common divisor of 7231843 and 177425.
7097
Calculate the highest common factor of 666576 and 936.
72
What is the greatest common divisor of 1591440 and 434505?
5235
What is the greatest common divisor of 450 and 18455875?
25
Calculate the greatest common divisor of 4611 and 104425317.
4611
What is the greatest common divisor of 3772142118 and 2358?
2358
What is the highest common factor of 6757 and 167098?
29
Calculate the highest common divisor of 22068 and 23862864.
7356
Calculate the highest common divisor of 51871899 and 488.
61
What is the greatest common factor of 6806184 and 1392?
696
What is the highest common factor of 688909 and 251784?
3497
Calculate the greatest common factor of 6151690 and 2740.
10
What is the greatest common divisor of 754 and 574606?
58
What is the greatest common divisor of 11704 and 8723736?
1064
What is the highest common divisor of 2980676 and 96868?
1588
What is the highest common divisor of 175635794 and 7246?
7246
What is the highest common divisor of 38684 and 45163?
19
Calculate the highest common factor of 5223 and 8421217.
1741
Calculate the greatest common divisor of 5440 and 9539648.
64
What is the greatest common factor of 108252 and 819456?
1164
Calculate the highest common factor of 28280 and 116987290.
7070
Calculate the greatest common factor of 5733 and 1304779203.
5733
Calculate the greatest common divisor of 20891412 and 3591.
513
What is the highest common divisor of 1128311 and 1817?
23
Calculate the highest common factor of 80764 and 429307.
331
Calculate the greatest common divisor of 15669648 and 32.
16
What is the greatest common factor of 15925650 and 16900?
650
Calculate the greatest common factor of 11345 and 11474333.
2269
What is the greatest common factor of 928290 and 262305?
435
Calculate the greatest common divisor of 1125131 and 3953.
67
What is the highest common factor of 3326529 and 24654?
1761
Calculate the greatest common divisor of 11664 and 107964.
36
What is the highest common factor of 78 and 11084398?
26
Calculate the highest common factor of 11677673 and 4325.
173
Calculate the highest common divisor of 339856578 and 90.
18
Calculate the highest common factor of 92241 and 4863843.
2493
Calculate the greatest common factor of 335673136 and 5504.
688
What is the greatest common divisor of 101734233 and 2781?
309
Calculate the greatest common divisor of 84896 and 7952.
112
Calculate the greatest common factor of 1286925170 and 58.
58
Calculate the highest common divisor of 50076 and 11961612.
468
What is the highest common factor of 97706 and 1775657?
997
What is the highest common factor of 12180298 and 260?
26
What is the highest common factor of 1513328 and 80?
16
Calculate the highest common divisor of 184 and 6341836.
92
Calculate the highest common divisor of 1659 and 2908938.
237
What is the greatest common divisor of 32 and 33688448?
32
What is the highest common factor of 65246 and 501296?
646
What is the highest common factor of 6880 and 128570?
430
What is the highest common divisor of 55269 and 18147?
69
Calculate the greatest common factor of 2192623884 and 1926.
1926
Calculate the highest common factor of 60 and 1886655.
15
Calculate the greatest common factor of 7097352 and 384.
24
What is the highest common factor of 539 and 6923749?
49
Calculate the highest common divisor of 125800 and 12920.
680
What is the highest common divisor of 209 and 112415609?
19
What is the greatest common factor of 25902 and 3588372?
18
What is the greatest common divisor of 33789910 and 1155?
385
Calculate the greatest common factor of 13065873 and 12.
3
What is the greatest common divisor of 1067 and 12121967?
11
Calculate the greatest common factor of 126485 and 205.
205
What is the greatest common factor of 35376 and 3015000?
1608
What is the highest common divisor of 41693408 and 224?
32
Calculate the highest common divisor of 825 and 206998275.
825
What is the greatest common factor of 12666175 and 225?
25
Calculate the greatest common factor of 56274201 and 9531.
3177
Calculate the highest common divisor of 814 and 38100898.
814
Calculate the greatest common factor of 297145 and 80601.
67
Calculate the greatest common factor of 1792 and 47366144.
1792
Calculate the highest common factor of 381124970 and 489.
163
What is the highest common divisor of 3234 and 147279594?
3234
Calculate the greatest common factor of 176969628 and 396.
396
What is the greatest common factor of 56307878 and 44?
22
Calculate the greatest common divisor of 250389425 and 429.
143
Calculate the highest common factor of 66063 and 2198623.
1159
Calculate the greatest common factor of 63 and 23551059.
21
Calculate the highest common factor of 1215 and 1008495.
45
What is the greatest common divisor of 918637 and 1340?
67
Calculate the greatest common divisor of 2528697660 and 1315.
1315
What is the highest common divisor of 228 and 71066388?
12
What is the highest common divisor of 5785995 and 16215?
345
Calculate the highest common divisor of 2420 and 26369772.
484
What is the greatest common divisor of 765098 and 8?
2
What is the highest common divisor of 5594980 and 920?
460
Calculate the highest common divisor of 474 and 385962.
6
Calculate the greatest common factor of 124688819 and 1403.
1403
What is the highest common factor of 20252 and 2192706?
122
What is the highest common factor of 294338369 and 446?
223
What is the greatest common factor of 330026544 and 576?
144
What is the greatest common factor of 14 and 3100659072?
14
What is the greatest common factor of 2829 and 196431?
123
Calculate the greatest common factor of 110 and 7149956.
22
What is the highest common divisor of 10404 and 77548526?
578
Calculate the greatest common factor of 550486 and 385022.
3182
What is the highest common factor of 294402 and 376134?
834
Calculate the highest common factor of 2107197 and 243.
9
Calculate the greatest common divisor of 36623 and 8321.
53
What is the highest common divisor of 7945 and 4195627380?
7945
Calculate the highest common factor of 266772 and 91332.
516
Calculate the greatest common divisor of 111254337 and 2238.
1119
What is the highest common divisor of 855 and 253035?
45
Calculate the highest common divisor of 4746 and 37972972.
226
What is the greatest common divisor of 225353926 and 196?
14
What is the highest common factor of 2956270 and 11110?
1010
What is the highest common divisor of 26400612 and 5880?
588
Calculate the greatest common divisor of 400 and 7155275.
25
Calculate the greatest common divisor of 198 and 496034.
22
What is the greatest common divisor of 156 and 3100084?
52
What is the highest common factor of 372 and 10412280?
372
Calculate the highest common factor of 12404 and 4249.
7
What is the highest common factor of 167620 and 6664340?
5780
What is the highest common divisor of 646320 and 2460?
60
Calculate the highest common factor of 12617 and 540089.
407
Calculate the highest common divisor of 3882894 and 12.
6
What is the greatest common divisor of 215628 and 598111?
2567
Calculate the highest common divisor of 18507 and 1157583.
597
What is the highest common factor o